billions digit of 6727068415?
6
What is the hundred thousands digit of 215909804?
9
What is the tens digit of 157602071?
7
What is the millions digit of 291277364?
1
What is the millions digit of 35363778?
5
What is the thousands digit of 1818355877?
5
What is the hundreds digit of 2708876?
8
What is the hundreds digit of 69435303?
3
What is the hundred thousands digit of 3160750540?
7
What is the thousands digit of 20729702?
9
What is the tens digit of 164834142?
4
What is the ten thousands digit of 425847417?
4
What is the ten thousands digit of 431525706?
2
What is the hundred millions digit of 163744093?
1
What is the units digit of 12549349?
9
What is the ten thousands digit of 391689099?
8
What is the tens digit of 1092474204?
0
What is the hundreds digit of 34154310?
3
What is the millions digit of 248405414?
8
What is the hundreds digit of 312243929?
9
What is the tens digit of 68588912?
1
What is the units digit of 321128611?
1
What is the thousands digit of 408227834?
7
What is the millions digit of 92364726?
2
What is the hundred millions digit of 677583522?
6
What is the thousands digit of 650648601?
8
What is the hundreds digit of 17481219?
2
What is the thousands digit of 974790?
4
What is the ten millions digit of 198812588?
9
What is the thousands digit of 29777571?
7
What is the thousands digit of 371550326?
0
What is the units digit of 48501732?
2
What is the hundreds digit of 44984437?
4
What is the millions digit of 54984959?
4
What is the units digit of 43497879?
9
What is the ten millions digit of 22886558?
2
What is the ten millions digit of 173859986?
7
What is the tens digit of 4612715630?
3
What is the hundred millions digit of 271697495?
2
What is the tens digit of 28365557?
5
What is the ten thousands digit of 56477191?
7
What is the units digit of 3099140919?
9
What is the billions digit of 1971684360?
1
What is the units digit of 1245455340?
0
What is the billions digit of 3526300667?
3
What is the hundreds digit of 335989048?
0
What is the ten thousands digit of 5004556106?
5
What is the units digit of 1510170349?
9
What is the ten millions digit of 2150455304?
5
What is the millions digit of 52329085?
2
What is the hundreds digit of 44589726?
7
What is the thousands digit of 99449062?
9
What is the hundreds digit of 2347808198?
1
What is the units digit of 2369078261?
1
What is the hundred thousands digit of 59677211?
6
What is the hundred millions digit of 209127098?
2
What is the units digit of 869051541?
1
What is the ten millions digit of 72241951?
7
What is the billions digit of 4234315468?
4
What is the thousands digit of 71393540?
3
What is the ten thousands digit of 12006188?
0
What is the tens digit of 128598982?
8
What is the ten millions digit of 910848685?
1
What is the ten thousands digit of 8693131262?
3
What is the ten thousands digit of 334452671?
5
What is the hundred thousands digit of 65815829?
8
What is the hundreds digit of 23948818?
8
What is the units digit of 9101510?
0
What is the millions digit of 334651349?
4
What is the ten thousands digit of 30828114?
2
What is the hundred thousands digit of 280946762?
9
What is the tens digit of 336846213?
1
What is the units digit of 68294816?
6
What is the hundred millions digit of 446733537?
4
What is the units digit of 2368228011?
1
What is the thousands digit of 113421038?
1
What is the ten millions digit of 22748129?
2
What is the units digit of 18668895?
5
What is the thousands digit of 1816431309?
1
What is the millions digit of 217035015?
7
What is the hundred millions digit of 3722551231?
7
What is the ten millions digit of 40833995?
4
What is the ten millions digit of 118694501?
1
What is the ten millions digit of 197554637?
9
What is the hundreds digit of 104003061?
0
What is the units digit of 2197403219?
9
What is the hundred thousands digit of 348812093?
8
What is the tens digit of 18474449?
4
What is the units digit of 56680858?
8
What is the hundred millions digit of 4889107742?
8
What is the hundred thousands digit of 2573415041?
4
What is the hundreds digit of 5855882670?
6
What is the ten millions digit of 184748019?
8
What is the units digit of 157476077?
7
What is the ten millions digit of 157260240?
5
What is the millions digit of 31109327?
1
What is the ten thousands digit of 139981221?
8
What is the units digit of 201563008?
8
What is the thousands digit of 71725828?
5
What is the hundred thousands digit of 81043745?
0
What is the hundred thousands digit of 244389002?
3
What is the hundreds digit of 1153995037?
0
What is the hundred thousands digit of 17227638?
2
What is the ten millions digit of 2626018866?
2
What is the units digit of 494886569?
9
What is the thousands digit of 33788313?
8
What is the tens digit of 9543424?
2
What is the hundred millions digit of 1909414967?
9
What is the units digit of 8059899643?
3
What is the millions digit of 151674445?
1
What is the hundred thousands digit of 61160719?
1
What is the hundred thousands digit of 1323727765?
7
What is the hundred thousands digit of 1313994574?
9
What is the billions digit of 1231025394?
1
What is the thousands digit of 76028497?
8
What is the ten thousands digit of 47538488?
3
What is the tens digit of 2253409073?
7
What is the millions digit of 38156478?
8
What is the hundred thousands digit of 107328626?
3
What is the thousands digit of 1895627?
5
What is the tens digit of 97045933?
3
What is the units digit of 278284854?
4
What is the millions digit of 1403500857?
3
What is the thousands digit of 1226749794?
9
What is the thousands digit of 582407386?
7
What is the billions digit of 5376983221?
5
What is the millions digit of 1588283?
1
What is the ten millions digit of 242240351?
4
What is the hundreds digit of 1337059739?
7
What is the thousands digit of 127787189?
7
What is the hundred thousands digit of 111125867?
1
What is the ten thousands digit of 5605421257?
2
What is the hundreds digit of 243638319?
3
What is the units digit of 282120316?
6
What is the millions digit of 759534396?
9
What is the hundred thousands digit of 4227578474?
5
What is the hundreds digit of 1761324662?
6
What is the hundred thousands digit of 455616766?
6
What is the units digit of 81341364?
4
What is the tens digit of 1236840938?
3
What is the thousands digit of 30809851?
9
What is the units digit of 35560490?
0
What is the millions digit of 18026207?
8
What is the billions digit of 1379948789?
1
What is the hundred thousands digit of 343602751?
6
What is the ten millions digit of 182345721?
8
What is the millions digit of 229542696?
9
What is the tens digit of 1696489171?
7
What is the ten millions digit of 590615955?
9
What is the millions digit of 1442753775?
2
What is the units digit of 218919331?
1
What is the ten millions digit of 31967062?
3
What is the hundred thousands digit of 963371618?
3
What is the ten millions digit of 48699596?
4
What is the units digit of 84640032?
2
What is the hundreds digit of 266575611?
6
What is the hundred millions digit of 439577498?
4
What is the hundreds digit of 61840379?
3
What is the hundred millions digit of 5463595039?
4
What is the thousands digit of 627843390?
3
What is the hundreds digit of 6175889?
8
What is the hundred thousands digit of 47423409?
4
What is the millions digit of 2199906524?
9
What is the hundreds digit of 2220011420?
4
What is the hundreds digit of 483474450?
4
What is the hundreds digit of 94766434?
4
What is the ten millions digit of 78740646?
7
What is the ten thousands digit of 139281938?
8
What is the thousands digit of 50004661?
4
What is the thousands digit of 386933159?
3
What is the ten thousands digit of 890682338?
8
What is the ten millions digit of 33190398?
3
What is the thousands digit of 467750591?
0
What is the hundreds digit of 3014171483?
4
What is the ten thousands digit of 97176298?
7
What is the ten millions digit of 49375763?
4
What is the millions digit of 90592709?
0
What is the hundred thousands digit of 2480125137?
1
What is the ten thousands digit of 20938302?
3
What is the units digit of 198245536?
6
What is the tens digit of 539012986?
8
What is the units digit of 216463774?
4
What is the hundred thousands digit of 1055523873?
5
What is the hundred millions digit of 7